True
Does 330 divide 319508957?
False
Is 2311 a factor of 235569474?
True
Is 78574131 a multiple of 70?
False
Is 60 a factor of 3418886402?
False
Is 216 a factor of 34490746?
False
Does 5544 divide 61482960?
True
Does 211 divide 334446183?
True
Is 860 a factor of 115856620?
True
Is 223430004 a multiple of 161?
True
Does 82 divide 129570332?
True
Is 39 a factor of 24358581?
True
Does 227 divide 523788426?
True
Does 38 divide 27072644?
True
Is 207947415 a multiple of 2615?
True
Is 99735240 a multiple of 60?
True
Is 277038960 a multiple of 404?
True
Is 18 a factor of 75089825?
False
Is 135 a factor of 42516225?
True
Does 57 divide 415185532?
False
Does 706 divide 1963136484?
False
Is 18 a factor of 16832700?
True
Is 21 a factor of 20189841?
True
Does 2131 divide 116190622?
False
Is 11 a factor of 36681590?
True
Does 58 divide 3878675975?
False
Does 111 divide 918981876?
True
Is 517790685 a multiple of 5?
True
Is 11 a factor of 1287881728?
False
Is 21065687 a multiple of 119?
False
Is 95 a factor of 253902031?
False
Is 34 a factor of 32662568?
False
Is 82012124 a multiple of 4?
True
Does 117 divide 11096046?
True
Is 4059 a factor of 228984426?
True
Does 3853 divide 98554604?
False
Does 74 divide 108280418?
False
Is 2814630 a multiple of 21?
True
Is 52 a factor of 78995124?
True
Is 61786507 a multiple of 357?
False
Does 121 divide 147844697?
True
Does 849 divide 23486974?
False
Does 49 divide 487050?
False
Is 467435878 a multiple of 862?
True
Does 10 divide 33578166?
False
Is 3552 a factor of 494143584?
True
Is 16603 a factor of 4037036053?
True
Is 2097087020 a multiple of 10796?
False
Does 2645 divide 560906635?
True
Is 108 a factor of 47292603?
False
Is 308 a factor of 50623581?
False
Is 782 a factor of 261487815?
False
Is 53192587 a multiple of 241?
False
Is 1156812668 a multiple of 58?
True
Does 92 divide 44617884?
True
Does 189 divide 2704970079?
True
Is 46851409 a multiple of 71?
True
Is 95617176 a multiple of 2291?
True
Is 2 a factor of 1523909?
False
Is 9849872 a multiple of 89?
False
Is 1131409347 a multiple of 52?
False
Is 995655 a multiple of 2?
False
Is 396 a factor of 2934180216?
True
Is 1052017209 a multiple of 60?
False
Is 438 a factor of 495520350?
True
Is 1520149752 a multiple of 436?
True
Is 390 a factor of 46828470?
True
Is 522711139 a multiple of 131?
False
Does 165 divide 19543055?
False
Is 3219 a factor of 937227945?
True
Does 91 divide 164835489?
True
Does 52 divide 675709012?
False
Is 51 a factor of 407684643?
False
Does 22 divide 2904343486?
True
Is 196359482 a multiple of 74?
False
Is 19719820 a multiple of 53?
False
Is 9 a factor of 2611189323?
True
Does 189 divide 297704106?
True
Does 17 divide 49485687?
False
Does 12 divide 202698712?
False
Is 14 a factor of 70183078?
True
Is 1523869206 a multiple of 1437?
False
Is 254948374 a multiple of 21?
False
Does 6 divide 583810290?
True
Does 35 divide 5232723825?
True
Is 5 a factor of 6373555?
True
Does 30 divide 78510082?
False
Does 13 divide 6315478?
True
Does 103 divide 50240619?
True
Does 61 divide 1985977?
True
Is 1930 a factor of 130790310?
True
Is 56 a factor of 242059630?
False
Does 98 divide 63894946?
False
Does 11 divide 792114840?
True
Is 20 a factor of 6884048460?
True
Is 133 a factor of 155483550?
False
Is 171819021 a multiple of 33?
True
Is 15 a factor of 792679605?
True
Does 7 divide 18784647?
True
Does 96 divide 804254490?
False
Does 57 divide 2736912171?
True
Is 794855708 a multiple of 7?
False
Is 147777868 a multiple of 216?
False
Is 459 a factor of 680028171?
False
Is 54 a factor of 1506654548?
False
Does 1552 divide 581799943?
False
Is 1223719721 a multiple of 7531?
True
Does 2033 divide 15210906?
True
Is 87798964 a multiple of 44?
True
Is 33886962 a multiple of 18?
True
Is 764 a factor of 523821320?
True
Is 70 a factor of 536256967?
False
Does 3402 divide 288930559?
False
Does 16 divide 28242527?
False
Is 4572455 a multiple of 13?
False
Is 3913693 a multiple of 3?
False
Is 112 a factor of 2202007273?
False
Is 3925504 a multiple of 2227?
False
Is 38 a factor of 2473302010?
True
Is 36 a factor of 58155488?
False
Is 58 a factor of 442768810?
True
Does 61 divide 368813203?
False
Does 84 divide 6607036548?
True
Does 105 divide 2513832720?
True
Is 2513939890 a multiple of 1098?
False
Does 28 divide 1429060724?
True
Does 35 divide 136860001?
False
Is 4359960 a multiple of 27?
True
Does 296 divide 33527328?
True
Is 97 a factor of 32421571?
True
Is 32 a factor of 901549632?
True
Does 50 divide 10863400?
True
Is 1889 a factor of 4835305413?
True
Does 188 divide 25853760?
True
Is 114 a factor of 166886087?
False
Does 319 divide 36187041?
True
Is 469 a factor of 7430367?
True
Is 36 a factor of 920556734?
False
Is 55593814 a multiple of 108?
False
Is 1051 a factor of 105699046?
False
Is 74 a factor of 501486326?
False
Is 115377975 a multiple of 411?
True
Is 1136 a factor of 308089400?
False
Is 378 a factor of 85572774?
True
Is 1072976149 a multiple of 53?
True
Is 947559394 a multiple of 2854?
True
Is 191574747 a multiple of 13?
True
Is 258 a factor of 1195774788?
True
Is 331092432 a multiple of 44?
True
Is 519960510 a multiple of 118?
True
Is 458 a factor of 14409503?
False
Does 13 divide 33039391?
False
Is 53 a factor of 46787764?
True
Is 52 a factor of 455598676?
True
Is 114 a factor of 61219140?
True
Does 49 divide 6591774?
True
Is 555445715 a multiple of 3?
False
Does 65 divide 12501962?
False
Is 30 a factor of 8404262?
False
Is 27884250 a multiple of 1350?
True
Is 18388933 a multiple of 7?
False
Is 456 a factor of 771177585?
False
Does 836 divide 11663872?
True
Is 23 a factor of 58979406?
True
Does 8 divide 4660624?
True
Is 875432139 a multiple of 81?
False
Does 59 divide 23121215?
True
Does 537 divide 1236235755?
True
Is 2586739242 a multiple of 1395?
False
Is 289337770 a multiple of 4?
False
Does 961 divide 757466729?
False
Is 168497375 a multiple of 191?
False
Is 68555916 a multiple of 1404?
True
Does 503 divide 91171550?
False
Is 9 a factor of 1171509808?
False
Does 38 divide 7385763?
False
Is 8 a factor of 10002669?
False
Is 428712360 a multiple of 794?
True
Is 154400265 a multiple of 414?
False
Is 25 a factor of 7883800?
True
Is 7 a factor of 83177143?
True
Is 59716168 a multiple of 389?
True
Is 3472031 a multiple of 12?
False
Does 102 divide 106890002?
False
Does 55 divide 175743795?
False
Is 299981320 a multiple of 1030?
True
Is 199833272 a multiple of 2061?
False
Is 85089866 a multiple of 153?
False
Does 74 divide 34686242?
True
Does 2679 divide 2069875770?
True
Is 150810270 a multiple of 30?
True
Is 1883508 a multiple of 19?
True
Is 870 a factor of 622539648?
False
Is 14 a factor of 1686510084?
True
Does 463 divide 35017153?
True
Does 619 divide 328215465?
True
Is 376571279 a multiple of 42?
False
Is 9095 a factor of 963627692?
False
Is 216780657 a multiple of 1622?
False
Is 67587180 a multiple of 60?
True
Does 97 divide 5914503?
False
Does 821 divide 330353159?
True
Does 49 divide 2360389136?
False
Is 10133998 a multiple of 28?
False
Is 431 a factor of 99758829?
True
Is 19284649 a multiple of 16?
False
Does 24 divide 47814984?
True
Is 718055201 a multiple of 19?
True
Does 78 divide 2471760309?
False
Is 731 a factor of 492207154?
True
Is 4014970 a multiple of 7?
False
Does 3634 divide 2750998187?
False
Does 368 divide 2229428318?
False
Does 2878 divide 48974926?
True
Does 118 divide 3044453481?
False
Is 937204589 a multiple of 680?
False
Is 20582838 a multiple of 138?
True
Does 29 divide 77831151?
False
Is 658701639 a multiple of 333?
True
Is 360878909 a multiple of 8?
False
Does 23 divide 8572123?
True
Is 457556394 a multiple of 3622?
True
Is 405 a factor of 1122500890?
False
Does 38 divide 1769969129?
False
Is 2720907974 a multiple of 17?
False
Is 120 a factor of 18031200?
True
Is 49 a factor of 27743387?
False
Is 1184 a factor of 8387456?
True
Does 250 divide 184091750?
True
Is 128188916 a multiple of 5294?
True
Is 83467407 a multiple of 31?
True
Is 81 a factor of 69695316?
True
Is 224591325 a multiple of 36?
False
Is 34 a factor of 13519909?
False
Is 135130555 a multiple of 167?
True
Is 266 a factor of 3484358206?
True
Is 11498842 a multiple of 22?
False
Is 193244808 a multiple of 152?
False
Is 24402319 a multiple of 5?
False
Does 15 divide 889758